28.
200
Calculate the remainder when 2561157 is divided by 3743.
945
What is the remainder when 347499 is divided by 341?
20
What is the remainder when 2229681 is divided by 17?
12
Calculate the remainder when 1561591 is divided by 2730.
31
Calculate the remainder when 1273989 is divided by 2436.
2397
Calculate the remainder when 151118 is divided by 70.
58
What is the remainder when 1203307 is divided by 433?
0
Calculate the remainder when 7253190 is divided by 3626580.
30
What is the remainder when 14544 is divided by 2028?
348
Calculate the remainder when 254352 is divided by 12597.
2412
Calculate the remainder when 1028327 is divided by 93484.
3
What is the remainder when 153565 is divided by 5737?
4403
Calculate the remainder when 118097572 is divided by 218.
214
Calculate the remainder when 27675608 is divided by 586.
0
Calculate the remainder when 4201 is divided by 1071.
988
Calculate the remainder when 82535 is divided by 1925.
1685
Calculate the remainder when 4556667 is divided by 1518794.
285
What is the remainder when 194986 is divided by 24373?
2
What is the remainder when 111437 is divided by 55715?
7
What is the remainder when 228288777 is divided by 214?
211
What is the remainder when 234377 is divided by 16737?
59
What is the remainder when 2308360 is divided by 148?
4
What is the remainder when 952586 is divided by 678?
674
Calculate the remainder when 18084092 is divided by 271.
262
What is the remainder when 2252283 is divided by 22?
11
What is the remainder when 69702 is divided by 22550?
2052
What is the remainder when 63124053 is divided by 104510?
13
What is the remainder when 60520 is divided by 56?
40
What is the remainder when 367003 is divided by 15955?
38
What is the remainder when 964 is divided by 263?
175
Calculate the remainder when 143986504 is divided by 7409.
7407
What is the remainder when 6298 is divided by 2756?
786
What is the remainder when 11163881 is divided by 2580?
221
What is the remainder when 703019 is divided by 702694?
325
Calculate the remainder when 373247369 is divided by 51.
44
Calculate the remainder when 6240649 is divided by 135666.
13
Calculate the remainder when 2126428 is divided by 349.
320
What is the remainder when 12272641 is divided by 6013?
108
Calculate the remainder when 38071 is divided by 17.
8
What is the remainder when 372229493 is divided by 1007?
1006
Calculate the remainder when 25092110 is divided by 41.
28
Calculate the remainder when 443683385 is divided by 207.
206
What is the remainder when 31621 is divided by 10389?
454
What is the remainder when 96137 is divided by 18529?
3492
What is the remainder when 375833 is divided by 43?
13
Calculate the remainder when 337420 is divided by 3887.
3138
Calculate the remainder when 3307675 is divided by 502.
499
Calculate the remainder when 219382 is divided by 19813.
1439
What is the remainder when 2136028655 is divided by 24?
23
Calculate the remainder when 928362 is divided by 636.
438
What is the remainder when 319193683 is divided by 11044?
11039
Calculate the remainder when 665797 is divided by 540.
517
What is the remainder when 124856199 is divided by 377209?
20
Calculate the remainder when 3003521 is divided by 736.
641
What is the remainder when 116573 is divided by 23266?
243
What is the remainder when 1150812 is divided by 74?
38
Calculate the remainder when 1998577426 is divided by 73.
70
Calculate the remainder when 524618079 is divided by 6128.
6127
What is the remainder when 23664 is divided by 7861?
81
Calculate the remainder when 427254 is divided by 425325.
1929
What is the remainder when 228743 is divided by 792?
647
What is the remainder when 9375781 is divided by 242?
217
Calculate the remainder when 4548367 is divided by 1137091.
3
What is the remainder when 7679744 is divided by 650?
644
Calculate the remainder when 147949 is divided by 3125.
1074
What is the remainder when 132649 is divided by 132585?
64
What is the remainder when 31879 is divided by 1475?
904
What is the remainder when 20049855 is divided by 6760?
6455
What is the remainder when 16037 is divided by 2263?
196
Calculate the remainder when 5542624 is divided by 16254.
10
Calculate the remainder when 725737 is divided by 635.
567
Calculate the remainder when 4275059 is divided by 873.
851
Calculate the remainder when 24874606 is divided by 44.
42
What is the remainder when 330619 is divided by 109372?
2503
Calculate the remainder when 82159588 is divided by 194.
6
Calculate the remainder when 2647077 is divided by 882342.
51
What is the remainder when 6165398 is divided by 20?
18
Calculate the remainder when 1165 is divided by 768.
397
Calculate the remainder when 14531592 is divided by 22.
20
What is the remainder when 374309 is divided by 82?
61
Calculate the remainder when 68354 is divided by 1951.
69
What is the remainder when 540588 is divided by 2131?
1445
What is the remainder when 49159 is divided by 2277?
1342
What is the remainder when 724663 is divided by 4825?
913
Calculate the remainder when 2910262 is divided by 55.
47
Calculate the remainder when 41529 is divided by 591.
159
What is the remainder when 25119 is divided by 2773?
162
What is the remainder when 28217927 is divided by 59?
56
What is the remainder when 22999144 is divided by 65?
64
Calculate the remainder when 77474121 is divided by 36.
33
Calculate the remainder when 573160930 is divided by 285.
280
What is the remainder when 141464 is divided by 10014?
1268
What is the remainder when 265117 is divided by 16569?
13
Calculate the remainder when 46702979 is divided by 16177.
16157
What is the remainder when 2163453 is divided by 540767?
385
Calculate the remainder when 4102162 is divided by 4748.
4638
What is the remainder when 22153227 is divided by 1165949?
196
What is the remainder when 10636105 is divided by 2828?
2825
What is the remainder when 10570 is divided by 3516?
22
What is the remainder when 16970 is divided by 650?
70
Calculate the remainder when 8361227 is divided by 10.
7
What is the remainder when 490261 is divided by 2554?
2447
What is the remainder when 22010160 is divided by 100964?
8
Calculate the remainder when 3407327 is divided by 9568.
1119
Calculate the remainder when 1522486 is divided by 7765.
546
Calculate the remainder when 1063745 is divided by 27993.
11
Calculate the remainder when 1050214 is divided by 792.
22
Calculate the remainder when 54787677 is divided by 13696916.
13
Calculate the remainder when 958017 is divided by 4077.
3999
What is the remainder when 607760 is divided by 788?
212
What is the remainder when 705336 is divided by 1214?
2
What is the remainder when 705061447 is divided by 13?
12
Calculate the remainder when 21780229 is divided by 6010.
5999
Calculate the remainder when 6528681 is divided by 922.
921
Calculate the remainder when 4153343 is divided by 1188.
95
What is the remainder when 531211 is divided by 6154?
1967
What is the remainder when 9016215 is divided by 1502700?
15
Calculate the remainder when 204962877 is divided by 760.
757
Calculate the remainder when 4806444 is divided by 89.
88
Calculate the remainder when 3309819 is divided by 16549.
19
Calculate the remainder when 1454177 is divided by 727086.
5
Calculate the remainder when 2435743 is divided by 328.
15
Calculate the remainder when 19837615 is divided by 495.
490
Calculate the remainder when 75904222 is divided by 4977.
4972
What is the remainder when 395792 is divided by 5?
2
What is the remainder when 7696398 is divided by 1282733?
0
What is the remainder when 2137798 is divided by 60?
58
Calculate the remainder when 5599811 is divided by 29.
27
What is the remainder when 4853 is divided by 1078?
541
What is the remainder when 164277 is divided by 57?
3
Calculate the remainder when 392922354 is divided by 19.
17
What is the remainder when 8602998 is divided by 45?
33
Calculate the remainder when 8076892 is divided by 159.
10
What is the remainder when 1633000001 is divided by 13751?
13747
Calculate the remainder when 54084892 is divided by 3131.
3129
Calculate the remainder when 6075910 is divided by 41.
38
Calculate the remainder when 5376668 is divided by 1075324.
48
Calculate the remainder when 106586 is divided by 53285.
16
What